 h/(45/(-2))?
0
Suppose -65*j + 99*j - 6938885 = -121*j. What is the units digit of j?
7
Let g(m) = m**3 + 37*m**2 + 52*m + 49. Let d be g(-35). Suppose -2*h + d + 789 = 0. What is the hundreds digit of h?
7
Let h(i) be the third derivative of -i**6/120 - i**5/12 - i**4/8 - 5*i**3/6 - i**2 - 32. What is the units digit of h(-10)?
5
Let b(u) = 6*u + 7. Suppose -30 = -3*h + 6. Let a be b(h). Suppose a = -3*i + 268. What is the tens digit of i?
6
Let y(b) = 5*b**3 + 13*b**2 - 8*b - 115. What is the hundreds digit of y(13)?
9
Suppose -w - i = -6209, 2*w + 83*i - 85*i - 12430 = 0. What is the thousands digit of w?
6
Let u = 30384 - 22008. What is the units digit of u?
6
Let d(s) = -25*s**2 + 18. Let c(q) = -50*q**2 + 35. Let p(g) = -3*c(g) + 5*d(g). What is the hundreds digit of p(4)?
3
Let u = 41110 - 24856. What is the thousands digit of u?
6
What is the tens digit of ((-8)/(-20) - (-3)/(-60)*-38762)*10?
8
Let p(r) = 35*r**2 - 25*r - 705. What is the hundreds digit of p(-19)?
4
Let s(f) = -13*f**3 - 13*f**2 + 49*f + 54. What is the units digit of s(-13)?
1
Suppose 27*n - 385465 = 82094. What is the thousands digit of n?
7
What is the tens digit of -2 + (3 + -1)/(40/139060)?
5
Let n = -6 - -9. Suppose 0 = -46*w + 52*w - 12. Suppose 46 = -w*k + 3*k - 5*d, n*d = -k + 86. What is the units digit of k?
1
Suppose 5*d + 1839 = 4*c, 14*c + 3*d = 12*c + 925. Let r = c + -289. What is the hundreds digit of r?
1
Let w = 317 + -308. What is the hundreds digit of (w/(-6))/(15/(-9640))?
9
Suppose 3*i + 2 = -u, -2*u + 0*u + 12 = -2*i. Suppose -4*l + 5 = -15, -u*l + 1912 = 4*p. What is the hundreds digit of p?
4
Let h(z) = -z**2 + 23*z + 26. Let d be h(24). Suppose 18 - 165 = -2*j - 3*f, 0 = -d*j - 4*f + 144. What is the tens digit of j?
7
Let u be -1*(-1)/(-3)*-258. Let y = 109 - u. What is the tens digit of y?
2
What is the units digit of 3/((-165)/(-151228))*(2 + (-3)/(-1))?
8
Let f(g) = 102*g**2 - 28*g + 95. What is the thousands digit of f(8)?
6
Let p = 28767 + -13178. What is the tens digit of p?
8
Suppose -4*c + 36703 = 5*a, 3*c - 3*a - 27551 = -2*a. What is the tens digit of c?
8
Let t(v) = -v + 80. Suppose 0 = -0*z + z. Let q be t(z). Suppose -3*y + q = -4. What is the tens digit of y?
2
Suppose 572719 = 26*x - 177979. What is the hundreds digit of x?
8
Let u = 166 - 469. Suppose -2*g - 18 = -2*n + 2*g, -2*g = 5*n - 33. What is the tens digit of u/6*n/((-21)/6)?
0
Suppose 2*a + 97 = -3*l, 0 = -4*a - l + 50 - 269. Let n = a + 59. Suppose 0 = -n*u + p + 322, -p - 2 = p. What is the units digit of u?
7
Suppose 9*o - 317 = -281. What is the hundreds digit of (-88)/o*(-608)/8?
6
Let q(k) = -k**3 + 6*k**2 - 2*k - 7. Let f be q(5). Suppose 7*y = 6*y + f. What is the units digit of y*(-22)/(-4)*1?
4
Let w = -34644 + 52469. What is the hundreds digit of w?
8
Let o(k) = -9*k**2 + 60*k + 1. Let g be o(6). What is the units digit of (-1 - 0 - 0) + (g - -854)?
0
Let u be (-16 - 2)*-2*236/24. Suppose 0 = 3*k + 4*m - 1062, -u = -6*k + 5*k + 4*m. What is the units digit of k?
4
Suppose 2*b + 114*z - 26786 = 112*z, -5 = z. What is the ten thousands digit of b?
1
Let w be 2679/(-38)*(-8)/6. Suppose -2*r + 250 = 3*z, -4*z = -3*r + w - 450. Suppose -o + 0*y + 12 = -5*y, -y = 5*o - z. What is the tens digit of o?
1
Suppose -3*x - 16*x = -95. Suppose -4*k + 2*z = -38, -4*k - x*z + 4*z = -41. What is the units digit of k?
0
Let w(j) = -137*j + 114. Let h be w(7). Let a = h - -906. What is the tens digit of a?
6
Let j be 18/(-4)*88/(-3). Let p = 182 - j. What is the tens digit of p?
5
Suppose 5*x = -2*w + 38382 - 11686, -10688 = -2*x + 4*w. What is the thousands digit of x?
5
Let l = 11187 - 5427. What is the tens digit of l?
6
Suppose z + 2*l = 314, 3*z + 2*l - 1191 = -261. Suppose a - z = 4*s + 507, -a + 2*s + 825 = 0. What is the hundreds digit of a?
8
Suppose 0 = -4*v - 3 + 7, 3*v = -4*n - 865. Let i(y) = -148*y**2 - 3*y + 6. Let r be i(1). Let t = r - n. What is the units digit of t?
2
Suppose 6*h + 0*h - 24 = 0. Suppose -h*r + 588 = -7*n + 3*n, 0 = r + n - 141. What is the hundreds digit of r?
1
Let d(t) = -t**3 + 14*t**2 + 2*t - 25. Suppose -22 = -4*s + 34. Let z be d(s). Suppose -2*l + 103 = q, z*l - 2*q - 177 = q. What is the tens digit of l?
5
Let p(y) = -2*y**3 + 13*y - 4. Suppose 3*d + l = 2*d - 1, 0 = -4*d + 5*l - 49. What is the units digit of p(d)?
0
Let g(u) = -12*u**3 + 33*u**2 + 13*u + 71. What is the ten thousands digit of g(-15)?
4
Suppose -32941 = -3*r + 4*q, q = r - 3925 - 7054. What is the hundreds digit of r?
9
Suppose -54*q + 188*q = 1453364. What is the units digit of q?
6
Suppose -4*x + 3*x + 19 = 5*n, -27 = -5*n - 3*x. Suppose -y - n*t + 11 = -t, 20 = 2*y + 3*t. Suppose 0 = -y*s + 4*s + 204. What is the tens digit of s?
6
Let c(q) = 383*q - 1303. What is the units digit of c(18)?
1
Suppose 25*f = 6114 + 29736. What is the units digit of f?
4
Let s(l) = -3*l + 65. Let k be s(21). What is the units digit of (-10 - -957) + (6 - k)?
1
Let p = -237 + 242. Suppose -p*d + g + g + 450 = 0, -4*g = 20. What is the units digit of d?
8
Let d = 44 + -42. Suppose -j - 280 = -2*j - d*a, 0 = -4*j + 5*a + 1081. Let v = -145 + j. What is the tens digit of v?
2
Suppose -3*t + 0*d = -5*d + 14, 2*t + d - 8 = 0. What is the units digit of (123/t)/((-2)/(-20))?
5
Suppose -4*z + 5*b + 24 = -15, 0 = -4*z + 2*b + 42. Suppose -752 = -z*f + 2713. What is the tens digit of f?
1
Suppose 0 = -46*p + 42*p + 5472. Let y = -547 + p. What is the hundreds digit of y?
8
Suppose -s + 2*s = -2. Let i be (1/s)/(1/(-86)). Let x = i - 9. What is the tens digit of x?
3
Let b(d) = d**3 - 10*d**2 + 18*d - 5. Let a be b(8). Suppose l + a*l = l. What is the tens digit of 4950/(-44)*(8/(-10) - l)?
9
Suppose -2675 = -5*d - 2*a, -5*a + 3607 = 5*d + 947. Suppose 2*k = -c + 175, -d = -3*c + 46*k - 48*k. What is the units digit of c?
1
Let w be (-24)/6 - (-4 + -5 + 0). Suppose v + 3168 = 4*i, 0 = -i - w*v + 621 + 150. What is the units digit of i?
1
Let t = 5699 + -3411. Suppose 17*u - t = -9*u. What is the tens digit of u?
8
Let g(w) = w**2 - 111*w - 2246. What is the thousands digit of g(155)?
4
Suppose -5*o - 24 = -4*j, 20 = 5*j - 4*o - 1. What is the hundreds digit of 66/j*(-7 + 141/9)?
5
Suppose 14*k = 16*k. Suppose k = 5*b - 2 - 1618. What is the units digit of b?
4
Suppose 0 = -5*a + 5*t - 15 + 40, 3*t + 9 = 0. Suppose 0 = a*w + 6, 3*m = 5*w + 588 + 210. What is the units digit of m?
1
Let h be (0 + 0 + 102/(-136))*-9788. Suppose -10652 - h = -19*w. What is the units digit of w?
7
Let q be (38/6)/((20/(-315))/(-4)). Suppose q = -3*u + 1119. Suppose -7*n = -11*n + u. What is the tens digit of n?
6
Let s be -2 + (3 - 39) - -4. Let d = -74 - s. Let h = d - -122. What is the tens digit of h?
8
Suppose 6253 = -0*l - 7*l + 66817. What is the hundreds digit of l?
6
Let t(x) = -x**3 - 113*x**2 - 181*x - 48. What is the tens digit of t(-115)?
1
Let k be 72/(-5)*(-25)/2. Let p(t) = -23*t - 1229. Let q be p(-66). Let r = q - k. What is the tens digit of r?
0
Let z = 919 + 44429. What is the hundreds digit of z?
3
What is the tens digit of -1 - -8 - (-1655 + 25)?
3
Let m(j) be the first derivative of 7*j**3 + 63*j**2/2 - j + 322. What is the tens digit of m(-9)?
3
Suppose 2*k - 240 = y + 16, -818 = 3*y + 4*k. Let a = 726 + y. What is the hundreds digit of a?
4
Let t = -647 - -652. Suppose t*u - 424 - 4951 = 0. What is the units digit of u?
5
Let o = 27922 - 18422. What is the thousands digit of o?
9
Suppose 4*t - 35006 = -2*v, -8*t = -13*t - 5*v + 43760. What is the hundreds digit of t?
7
Let s(y) = 20*y**3 + 3*y**2 + 2*y + 6. Let j be s(-2). Let x = 641 + j. What is the units digit of x?
5
Suppose -38*l = -12*l - 77130 - 213498. What is the units digit of l?
8
Let d be ((-39)/(-52))/((-2)/(-8)). Let p = -833 - -1348. Suppose -4*c = -d*k - 2*k - p, -c + 130 = -k. What is the hundreds digit of c?
1
Let d be (-1)/4 + 11340/112. Suppose 0 = -2*m - 3*s + 4*s + 63, 0 = -3*m - 5*s + d. What is the tens digit of m?
3
Let f(r) = -890*r + 8744. What is the units digit of f(-13)?
4
Let p be (5/(-10))/(1/(-6)). Suppose 2*l + 0 = -3*a + p, 0 = 5*a + 4*l - 3. Suppose -110 - 256 = -a*b. What is the units digit of b?
2
Suppose -15*z - 3*j = -13*z + 9, 4*j + 14 = -2*z. Suppose 4*n = 9*n + s - 299, -z*n + s + 181 = 0.